*2 - g. Suppose -3*r - 2*r = 5. Let k be h(r). What is the highest common divisor of k and 27?
27
Suppose 14*j - j = 585. Calculate the greatest common factor of 180 and j.
45
Let i be -5*104/(-120) + 1/(-3). Suppose -2*n + 3*b + 42 = -b, -i*n + 3*b + 64 = 0. Calculate the highest common divisor of n and 143.
13
Let q = 35 - -3. Calculate the greatest common divisor of 2 and q.
2
Let w = 383 + -371. Let k be (-3)/((-3)/2) - -1. Suppose 0 = i - k*z - 24, 15 = 5*i + 3*z - 33. What is the greatest common factor of w and i?
12
Let o = 660 + -602. Calculate the greatest common factor of o and 29.
29
Let s(w) = 39*w + 318. Let q be s(-7). What is the greatest common divisor of q and 9?
9
Let k be 8/(-6)*60/(-16). Suppose -5*a = 2*w + k - 20, -5*w = -25. Calculate the highest common factor of a and 11.
1
Let i(b) = b**2 + 13*b + 16. Let l be i(-12). Suppose w - 63 = -l*n, -2*n - n = -4*w - 71. Let q be (68/8)/(2/4). What is the highest common divisor of q and n?
17
Let m be 478*3/(-12)*-2. Suppose 301 = 5*v - m. Let i(w) = -w**3 - 2*w**2 + 3. Let n be i(-3). Calculate the highest common divisor of v and n.
12
Suppose 2*k = 3*k - 22. Calculate the greatest common divisor of 6 and k.
2
Let f(a) = -111*a + 9. Let x be f(-1). What is the greatest common factor of 270 and x?
30
Let o(f) = 40*f + 16. Let x be o(4). Suppose z + 7*z = x. What is the highest common factor of 55 and z?
11
Suppose -36 = -2*j + 8. Suppose 0 = -4*d + 2*u + 800, -4*u = -2*d + 401 + 11. What is the highest common divisor of d and j?
22
Let p = 23 + -18. Suppose 3 = g + t + 1, -2*g - p*t = 8. Let m(u) = u**3 - 5*u**2 - 3*u + 7. Let d be m(g). Calculate the highest common divisor of d and 25.
25
Suppose -4*n + 3*n = -594. What is the greatest common factor of n and 54?
54
Let b be 3881 - (-3)/9*6. What is the highest common factor of b and 11?
11
Suppose k = -4*g - 10 + 117, -g + 29 = -2*k. Let q be -3 - (3 - 0 - (-609)/(-7)). Calculate the greatest common factor of q and g.
27
Suppose -3*t = -4*t + 15. Let g(h) = h**2 - 14*h + 39. Let q be g(12). Calculate the greatest common divisor of q and t.
15
Let d(g) = g**3 - 9*g**2 + g - 2. Let r be d(9). Suppose 4*n - 104 = 36. Suppose -7 - n = -3*f. What is the greatest common divisor of f and r?
7
Let d(h) = h**2 - 8*h - 4. Let m be d(9). Suppose 0*y + m*y - 140 = 0. Calculate the greatest common factor of y and 7.
7
Suppose -18 = 3*r + 3*k - 4*k, 5*r = k - 28. Let a be (r + 7)/(2/9). Let l(f) = -f**2 - 17*f. Let n be l(-9). What is the greatest common factor of a and n?
9
Suppose -4*a - f = -33, 0*f - 12 = -a - f. Let y(n) = -11 + n - a + n + 23. Let h be y(7). What is the greatest common factor of 152 and h?
19
Let h be 189 - (-2 - -2) - -1. Let w be (-4)/(-6)*(650/20 + -4). What is the highest common divisor of w and h?
19
Suppose 18*r + 368 = 1898. What is the highest common divisor of 45 and r?
5
Let u be (((-105)/(-14))/(-5))/((-12)/80). What is the greatest common divisor of 105 and u?
5
Suppose 5*g = 3*s - 193, -199 = 4*s - 8*s - 5*g. Let y = -2 + 10. Calculate the highest common factor of s and y.
8
Let n(z) = 2*z - 10. Let x be n(11). Suppose -2*s = -4*h - 32, -2*h + 3*h = -2. Let q be s/(-8)*(-46 + -2). What is the greatest common factor of q and x?
12
Let b = -34 - -46. Suppose 0*w = b*w - 1404. What is the greatest common factor of 13 and w?
13
Let d(h) = 8*h. Suppose -4*q + 6 = -2*y, 2*q - 4*y + 7 = -5. Suppose 8*a = q*a + 16. Let p be d(a). What is the greatest common factor of 4 and p?
4
Let u be 444/(-84) - 4/(-14). Let v be (u - (-3)/1)*-1. What is the greatest common divisor of v and 8?
2
Let c be (14/4 + -2)/((-3)/(-364)). Calculate the highest common divisor of 28 and c.
14
Suppose 4*f = 201 + 135. Let p = -2349 + 2377. What is the greatest common factor of f and p?
28
Suppose b - 5*b + 2 = -3*p, -5*p = 3*b - 16. Let g = p + 10. Suppose -3*u = -2*f - 206 - 120, 328 = 3*u - 4*f. Calculate the greatest common factor of u and g.
12
Let t(h) = h**2 + h + 4. Let n be t(2). Let j = -9 + n. Calculate the highest common factor of 4 and j.
1
Let i be 500/4 + (1 - -1) + (-444)/74. Let v be -10*(2 - 18/4). Let g = v + -14. What is the greatest common factor of i and g?
11
Suppose -2*m - 42 = -8*m. Let l be m/2*(-20)/(-7). What is the greatest common factor of l and 70?
10
Let l = -416 - -1534. Calculate the highest common divisor of 52 and l.
26
Suppose -76 = -3*l + 4*j + 142, j - 138 = -2*l. Calculate the greatest common factor of l and 35.
35
Let g be 126*(6 - -9)*(-8)/(-18). What is the highest common factor of g and 60?
60
Let j = 35 + -27. Suppose -j*i + 4*i = -72. Calculate the greatest common factor of 45 and i.
9
Suppose 225*o = 219*o + 2508. What is the highest common factor of 22 and o?
22
Let u be -5 + 9 - (-33 + 2). Let s be u/14*(-4)/(-5). Calculate the greatest common factor of s and 3.
1
Let k = -1715 - -1850. What is the highest common factor of 297 and k?
27
Let t be (-64)/(-352) - (-2306)/22. What is the highest common factor of t and 42?
21
Let f(b) = -4*b - 18. Let d(u) = -u + u**3 + 0 - 10*u**2 + u - 5. Let m be d(10). Let p be f(m). What is the greatest common divisor of p and 8?
2
Let u = 2101 - 451. What is the greatest common divisor of 66 and u?
66
Let h be 195/21 - (-2)/(-7). Let u = -468 + 471. What is the highest common divisor of u and h?
3
Suppose 5*u = -f + 52, 2*f - 2*u + 52 - 96 = 0. Calculate the greatest common factor of 117 and f.
9
Let j = 13 + -22. Let c(i) = -i**2 - 9*i + 7. Let n be c(j). Suppose 108 = 2*k + 10. Calculate the highest common factor of n and k.
7
Let w = 38 + 223. Suppose 5*p - 164 - w = 0. What is the greatest common divisor of 17 and p?
17
Let z(v) = 4*v + 2. Suppose -4*r = r + 10. Let h be z(r). Let y be h/14 + 4059/63. What is the greatest common divisor of y and 8?
8
Let n = 2867 + -2723. What is the greatest common divisor of n and 2304?
144
Suppose -2*t = -7*t - 5*s - 10, 2*s + 16 = 4*t. Suppose 0 = -t*z + m + 442, 0 = 4*z - z - 3*m - 666. What is the highest common divisor of 20 and z?
20
Suppose -4 + 0 = 4*n + 2*h, 3*n + h + 4 = 0. Let p be (n + 1 - -14)*(10 + -9). Calculate the highest common factor of p and 65.
13
Let b(h) = -33*h**2 + 62*h**2 + 2 - 2*h + h + 0*h. Let n be b(-2). What is the greatest common factor of 15 and n?
15
Let l(u) = -127*u + 2. Let n = 71 + -73. Let i be l(n). Calculate the greatest common divisor of i and 32.
32
Suppose 4*c = 2*u - 0*c - 114, 0 = -3*u + 3*c + 180. Let d(q) = -q**3 - q**2 - q + 42. Let n be d(0). What is the highest common divisor of n and u?
21
Let m be (-4)/5*30/(-12). Let u be -2 + (4 - m) + 59. Let g = u + -35. What is the greatest common factor of g and 60?
12
Suppose 130 - 20 = 5*p. Let k = -160 - -162. What is the highest common factor of p and k?
2
Let d(z) = 2*z - 12. Let s be d(8). Suppose 112 = 3*k - s*w, 5*w + 22 + 8 = k. What is the greatest common divisor of k and 8?
8
Let z(f) = 3*f + 29. Let s be z(-9). Suppose 5*p + s*b = 947, -4*p + 5*b + 373 = -2*p. Calculate the highest common divisor of 27 and p.
27
Let l(b) = 2*b**2 - 10*b + 1. Let n be l(-7). Calculate the greatest common factor of 117 and n.
13
Let v(y) be the second derivative of -43*y**3/6 - 7*y. Let u be v(-2). What is the greatest common factor of u and 215?
43
Let y = -42 + 133. Suppose 4*g - 18 = -5*i, 5*i = -2*g + i + 12. Let f be ((-65)/(-2))/5*g. Calculate the highest common divisor of f and y.
13
Let m(o) = o**2 - 13*o - 16. Let p be m(15). Suppose 3*q - 16 - p = 0. Let u be 209/3 + (-5)/(-15). What is the highest common divisor of q and u?
10
Let j be ((-6)/9)/((-248)/60 + 4). Suppose -4*o = t - 80, 0 = j*t - t - o - 286. What is the greatest common divisor of t and 18?
18
Let r be 70/(-21)*864/(-20). Calculate the highest common divisor of 108 and r.
36
Let s be 8 + (-1740)/(-70) + (-2)/(-14). Calculate the highest common factor of s and 3.
3
Let k be (-799)/(-5) - (-19)/95. Calculate the highest common factor of k and 180.
20
Suppose -5*l = w - 52, -187 = -3*w - l - 31. Suppose -56*q + 72 = -w*q. What is the greatest common divisor of q and 63?
9
Let l be -87*-5*10/150. What is the greatest common factor of 1044 and l?
29
Suppose 4*x + m - 5*m = 84, 0 = -3*x - m + 75. What is the greatest common factor of x and 120?
24
Let o = 448